is divided by 384?
20
Calculate the remainder when 17555 is divided by 54.
5
Calculate the remainder when 22988 is divided by 22944.
44
Calculate the remainder when 167563 is divided by 1764.
1747
What is the remainder when 1942980 is divided by 37?
36
Calculate the remainder when 5697 is divided by 29.
13
What is the remainder when 35903 is divided by 12?
11
What is the remainder when 39309 is divided by 11?
6
Calculate the remainder when 19920 is divided by 479.
281
What is the remainder when 700 is divided by 3?
1
What is the remainder when 78260 is divided by 39114?
32
Calculate the remainder when 16277 is divided by 16181.
96
Calculate the remainder when 2450973 is divided by 121.
118
Calculate the remainder when 585595 is divided by 10647.
10
Calculate the remainder when 15439 is divided by 1543.
9
What is the remainder when 7494 is divided by 552?
318
What is the remainder when 10850 is divided by 155?
0
Calculate the remainder when 2175188 is divided by 10.
8
Calculate the remainder when 128855 is divided by 67.
14
Calculate the remainder when 248057 is divided by 27.
8
What is the remainder when 1194 is divided by 41?
5
Calculate the remainder when 7990 is divided by 750.
490
What is the remainder when 696999 is divided by 31?
26
Calculate the remainder when 218636 is divided by 98.
96
What is the remainder when 2469 is divided by 267?
66
Calculate the remainder when 8251 is divided by 2370.
1141
What is the remainder when 7652 is divided by 3788?
76
Calculate the remainder when 4901 is divided by 267.
95
Calculate the remainder when 2928 is divided by 35.
23
What is the remainder when 132755 is divided by 3017?
7
What is the remainder when 2529 is divided by 181?
176
What is the remainder when 9032 is divided by 203?
100
Calculate the remainder when 139991 is divided by 179.
13
Calculate the remainder when 4751 is divided by 4751.
0
Calculate the remainder when 819908 is divided by 130.
128
Calculate the remainder when 149564 is divided by 177.
176
Calculate the remainder when 27521 is divided by 859.
33
What is the remainder when 2184808 is divided by 285?
283
What is the remainder when 10295 is divided by 414?
359
Calculate the remainder when 529628 is divided by 49.
36
Calculate the remainder when 289 is divided by 282.
7
What is the remainder when 3272 is divided by 635?
97
Calculate the remainder when 8319 is divided by 40.
39
Calculate the remainder when 1227 is divided by 477.
273
What is the remainder when 45164 is divided by 29?
11
What is the remainder when 199501 is divided by 16?
13
Calculate the remainder when 3900 is divided by 461.
212
What is the remainder when 255818 is divided by 59?
53
Calculate the remainder when 7068 is divided by 131.
125
Calculate the remainder when 30717 is divided by 2561.
2546
Calculate the remainder when 1952 is divided by 646.
14
Calculate the remainder when 24702 is divided by 541.
357
What is the remainder when 4036 is divided by 62?
6
Calculate the remainder when 1315 is divided by 639.
37
What is the remainder when 107394 is divided by 5?
4
Calculate the remainder when 5042 is divided by 4785.
257
Calculate the remainder when 75124 is divided by 8347.
1
Calculate the remainder when 26907 is divided by 130.
127
Calculate the remainder when 18486 is divided by 215.
211
Calculate the remainder when 6497 is divided by 3202.
93
Calculate the remainder when 32080 is divided by 2005.
0
What is the remainder when 7148 is divided by 1574?
852
Calculate the remainder when 506635 is divided by 872.
3
What is the remainder when 1126 is divided by 1115?
11
Calculate the remainder when 128036 is divided by 291.
287
What is the remainder when 577 is divided by 169?
70
What is the remainder when 355601 is divided by 4?
1
What is the remainder when 20677 is divided by 24?
13
What is the remainder when 33323 is divided by 22?
15
What is the remainder when 1166 is divided by 105?
11
Calculate the remainder when 5795 is divided by 233.
203
Calculate the remainder when 9245 is divided by 2308.
13
Calculate the remainder when 28541 is divided by 40.
21
Calculate the remainder when 2823 is divided by 521.
218
Calculate the remainder when 1847 is divided by 84.
83
What is the remainder when 160276 is divided by 5170?
6
Calculate the remainder when 543799 is divided by 82.
57
Calculate the remainder when 183106 is divided by 451.
0
Calculate the remainder when 497695 is divided by 534.
7
Calculate the remainder when 1669 is divided by 34.
3
Calculate the remainder when 206170 is divided by 52.
42
Calculate the remainder when 1968 is divided by 378.
78
What is the remainder when 2483 is divided by 12?
11
What is the remainder when 24067 is divided by 547?
546
Calculate the remainder when 7824 is divided by 54.
48
What is the remainder when 330142 is divided by 32?
30
Calculate the remainder when 17102 is divided by 713.
703
What is the remainder when 15525 is divided by 200?
125
What is the remainder when 148395 is divided by 596?
587
Calculate the remainder when 1620 is divided by 213.
129
What is the remainder when 5515 is divided by 537?
145
What is the remainder when 22091 is divided by 115?
11
Calculate the remainder when 20708 is divided by 10.
8
What is the remainder when 1234 is divided by 74?
50
What is the remainder when 6321 is divided by 1567?
53
What is the remainder when 1020274 is divided by 45?
34
Calculate the remainder when 429123 is divided by 6.
3
Calculate the remainder when 98658 is divided by 2471.
2289
Calculate the remainder when 21802543 is divided by 73.
71
What is the remainder when 228081 is divided by 996?
993
What is the remainder when 404269 is divided by 16?
13
Calculate the remainder when 28713 is divided by 49.
48
What is the remainder when 384 is divided by 10?
4
What is the remainder when 122284 is divided by 20379?
10
What is the remainder when 17047 is divided by 5678?
13
Calculate the remainder when 4615 is divided by 149.
145
Calculate the remainder when 19926 is divided by 3020.
1806
Calculate the remainder when 3681 is divided by 67.
63
What is the remainder when 807812 is divided by 14?
12
What is the remainder when 32809 is divided by 19?
15
What is the remainder when 2575081 is divided by 158?
155
What is the remainder when 80852 is divided by 16155?
77
Calculate the remainder when 289324 is divided by 14465.
24
Calculate the remainder when 2616 is divided by 2604.
12
What is the remainder when 654 is divided by 100?
54
What is the remainder when 18323 is divided by 282?
275
What is the remainder when 11212 is divided by 30?
22
What is the remainder when 1911 is divided by 234?
39
Calculate the remainder when 3182 is divided by 1059.
5
Calculate the remainder when 1285283 is divided by 42.
41
Calculate the remainder when 35472 is divided by 173.
7
Calculate the remainder when 463 is divided by 341.
122
What is the remainder when 432359 is divided by 36?
35
Calculate the remainder when 3182 is divided by 22.
14
Calculate the remainder when 7652 is divided by 80.
52
What is the remainder when 3649 is divided by 804?
433
Calculate the remainder when 4272 is divided by 4230.
42
Calculate the remainder when 54175 is divided by 16.
15
What is the remainder when 802385 is divided by 26746?
5
Calculate the remainder when 2387646 is divided by 19.
11
What is the remainder when 4643 is divided by 56?
51
Calculate the remainder when 3742 is divided by 299.
154
Calculate the remainder when 298352 is divided by 504.
488
Calculate the remainder when 38333 is divided by 11.
9
What is the remainder when 5358 is divided by 1756?
90
Calculate the remainder when 1872 is divided by 386.
328
What is the remainder when 1600 is divided by 1580?
20
What is the remainder when 80636 is divided by 61?
55
What is the remainder when 13037 is divided by 4338?
23
Calculate the remainder when 10749 is divided by 2.
1
What is the remainder when 771749 is divided by 126?
125
What is the remainder when 185334 is divided by 806?
760
What is the remainder when 6613 is divided by 27?
25
What is the remainder when 2477 is divided by 184?
85
What is the remainder when 3724 is divided by 1237?
13
Calculate the remainder when 153118 is divided by 12.
10
What is the remainder when 400 is divided by 153?